{"id":552,"date":"2018-07-19T14:25:18","date_gmt":"2018-07-19T12:25:18","guid":{"rendered":"http:\/\/localhost\/hydromec-bis\/?page_id=552"},"modified":"2018-07-24T11:39:48","modified_gmt":"2018-07-24T09:39:48","slug":"presse-stampaggio-a-caldo-acciaio","status":"publish","type":"page","link":"https:\/\/www.hydromec.it\/?page_id=552","title":{"rendered":"PRESSE STAMPAGGIO ACCIAIO"},"content":{"rendered":"<p>[vc_row padding_top=&#8221;0px&#8221; padding_bottom=&#8221;0px&#8221; border=&#8221;none&#8221;][vc_column fade_animation_offset=&#8221;45px&#8221; width=&#8221;1\/2&#8243;]<\/p>\n<p style=\"font-size: 18px; color: #00a9da; margin-bottom: 0px;\">MODELLO HSF<\/p>\n<p style=\"font-size: 14px; color: #00a9da; line-height: 18px;\">PRESSE OLEODINAMICHE PER FORGIATURA ACCIAIO<\/p>\n<p>Le fucinatrici per acciaio Hydromec sono state progettate in modo particolare per lo stampaggio e la preparazione di pezzi da finire con laminatoi rotanti (anelli, flange, ruote ferroviarie) e consentono la forgiatura a ciclo robotizzato in stampo chiuso, stampo aperto ed estrusioni in chiodaia.<br \/>\nLa gamma di tonnellaggio varia da 10.000 kN a 200.000 kN.<br \/>\nLe presse HSF sono attrezzate con carro mobile, bracci rotanti portautensili, dispositivi di centratura e tavole girevoli.<br \/>\nPezzi prodotti: flange, tool joints, preparazione di sbozzati per anelli in leghe speciali per il settore petrolchimico; nel settore meccanico, sbozzati per la produzione di cuscinetti, ralle e particolari per automotive, ruote ferroviarie, ruote per cingoli e componenti per macchine movimento terra.<\/p>\n[\/vc_column][vc_column fade_animation_offset=&#8221;45px&#8221; width=&#8221;1\/2&#8243;][rev_slider_vc alias=&#8221;modellohsf1&#8243;][\/vc_column][\/vc_row][vc_row no_margin=&#8221;true&#8221; padding_top=&#8221;0px&#8221; padding_bottom=&#8221;0px&#8221; border=&#8221;none&#8221;][vc_column fade_animation_offset=&#8221;45px&#8221; width=&#8221;1\/1&#8243;][line class=&#8221;linea&#8221;][\/vc_column][\/vc_row][vc_row padding_top=&#8221;0px&#8221; padding_bottom=&#8221;0px&#8221; border=&#8221;none&#8221;][vc_column fade_animation_offset=&#8221;45px&#8221; width=&#8221;1\/1&#8243;][pullquote type=&#8221;right&#8221;]La pi\u00f9 grande pressa oleodinamica mai costruita al mondo.[\/pullquote]<p>In cooperazione con un importante cliente \u00e8 stata costruita una pressa da 100.000 T: la sua altezza fuori terra \u00e8 25 metri e la larghezza 15 metri, il che rende questa pressa la pi\u00f9 grande pressa oleodinamica mai costruita al mondo.<\/p>\n<p>La gamma \u00e8 completata dalle presse per la forgiatura libera ed automatica di barre tonde e sagomate, con ciclo ad alta velocit\u00e0 interfacciato con manipolatore e sistema cambio mazze programmabile.<br \/>\nLe presse HSF sono dotate di carro mobile, tavola girevole, bloccaggi automatici e cicli veloci di finissaggio fino a 120 colpi al minuto per forgiare leghe d\u2019acciaio ad alta resistenza.<\/p>\n<p>Pezzi prodotti: cilindri, alberi, barre con lunghezza fino a 20 metri, valvole e componenti in leghe e superleghe utilizzate nei settori petrolifero, eolico, aerospaziale e nucleare.<\/p>\n[\/vc_column][\/vc_row][vc_row no_margin=&#8221;true&#8221; padding_top=&#8221;0px&#8221; padding_bottom=&#8221;0px&#8221; border=&#8221;none&#8221;][vc_column fade_animation_offset=&#8221;45px&#8221; width=&#8221;1\/1&#8243;][line class=&#8221;linea&#8221;][\/vc_column][\/vc_row][vc_row padding_top=&#8221;0px&#8221; padding_bottom=&#8221;0px&#8221; border=&#8221;none&#8221;][vc_column fade_animation_offset=&#8221;45px&#8221; width=&#8221;1\/2&#8243;]<\/p>\n<p style=\"font-size: 14px; color: #00a9da; margin-bottom: 8px;\">DISPOSITIVI STANDARD PRINCIPALI<\/p>\n<ul>\n<li>Carro mobile portastampi<\/li>\n<li>Centratori e sollevatori pezzo forgiato<\/li>\n<li>Cambio mazze automatico<\/li>\n<li>Bracci rotanti portapunzoni<\/li>\n<li>Tavola girevole con posizioni programmabili<\/li>\n<li>Cilindro di tranciatura sulla slitta<\/li>\n<li>Cilindro di foratura nel basamento<\/li>\n<li>Programmazione elettronica in CNC di tutte le funzioni<\/li>\n<\/ul>\n<p>\n[\/vc_column][vc_column fade_animation_offset=&#8221;45px&#8221; width=&#8221;1\/2&#8243;][rev_slider_vc alias=&#8221;modellohsf2&#8243;][\/vc_column][\/vc_row][vc_row no_margin=&#8221;true&#8221; padding_top=&#8221;0px&#8221; padding_bottom=&#8221;0px&#8221; border=&#8221;none&#8221;][vc_column fade_animation_offset=&#8221;45px&#8221; width=&#8221;1\/1&#8243;][line class=&#8221;linea&#8221;][\/vc_column][\/vc_row][vc_row padding_top=&#8221;0px&#8221; padding_bottom=&#8221;0px&#8221; border=&#8221;none&#8221;][vc_column fade_animation_offset=&#8221;45px&#8221; width=&#8221;1\/2&#8243;]<\/p>\n<p style=\"font-size: 18px; color: #00a9da; margin-bottom: -5px;\">MODELLO\u00a0LAR<\/p>\n<p style=\"font-size: 14px; color: #00a9da;\">LAMINATOI PER ANELLI<\/p>\n<p>Data l&#8217;importanza di poter offrire al cliente una linea di produzione completa, Hydromec ha incluso la progettazione e produzione delle serie LAR dei laminatoi assiali-radiali per forgiare anelli di diametro da 400 mm a 7.000 mm.<\/p>\n<p>Pezzi prodotti: anelli, flange, bronzine, e virole per la costruzione di grandi serbatoi, turbine eoliche e ingranaggi in acciaio, lamiera e leghe speciali.<\/p>\n[\/vc_column][vc_column fade_animation_offset=&#8221;45px&#8221; width=&#8221;1\/2&#8243;][rev_slider_vc alias=&#8221;modellolar&#8221;][\/vc_column][\/vc_row]<\/p>\n","protected":false},"excerpt":{"rendered":"<p>[vc_row padding_top=&#8221;0px&#8221; padding_bottom=&#8221;0px&#8221; border=&#8221;none&#8221;][vc_column fade_animation_offset=&#8221;45px&#8221; width=&#8221;1\/2&#8243;][\/vc_column][vc_column fade_animation_offset=&#8221;45px&#8221; width=&#8221;1\/2&#8243;][rev_slider_vc alias=&#8221;modellohsf1&#8243;][\/vc_column][\/vc_row][vc_row no_margin=&#8221;true&#8221; padding_top=&#8221;0px&#8221; padding_bottom=&#8221;0px&#8221; border=&#8221;none&#8221;][vc_column fade_animation_offset=&#8221;45px&#8221; width=&#8221;1\/1&#8243;][line class=&#8221;linea&#8221;][\/vc_column][\/vc_row][vc_row padding_top=&#8221;0px&#8221; padding_bottom=&#8221;0px&#8221; border=&#8221;none&#8221;][vc_column fade_animation_offset=&#8221;45px&#8221; width=&#8221;1\/1&#8243;][pullquote type=&#8221;right&#8221;]La pi\u00f9 grande pressa oleodinamica mai costruita al mondo.[\/pullquote][\/vc_column][\/vc_row][vc_row no_margin=&#8221;true&#8221; padding_top=&#8221;0px&#8221; padding_bottom=&#8221;0px&#8221; border=&#8221;none&#8221;][vc_column fade_animation_offset=&#8221;45px&#8221; width=&#8221;1\/1&#8243;][line class=&#8221;linea&#8221;][\/vc_column][\/vc_row][vc_row padding_top=&#8221;0px&#8221; padding_bottom=&#8221;0px&#8221; border=&#8221;none&#8221;][vc_column fade_animation_offset=&#8221;45px&#8221; width=&#8221;1\/2&#8243;][\/vc_column][vc_column fade_animation_offset=&#8221;45px&#8221; width=&#8221;1\/2&#8243;][rev_slider_vc alias=&#8221;modellohsf2&#8243;][\/vc_column][\/vc_row][vc_row no_margin=&#8221;true&#8221; padding_top=&#8221;0px&#8221; padding_bottom=&#8221;0px&#8221; border=&#8221;none&#8221;][vc_column fade_animation_offset=&#8221;45px&#8221; width=&#8221;1\/1&#8243;][line class=&#8221;linea&#8221;][\/vc_column][\/vc_row][vc_row padding_top=&#8221;0px&#8221; padding_bottom=&#8221;0px&#8221; border=&#8221;none&#8221;][vc_column fade_animation_offset=&#8221;45px&#8221; width=&#8221;1\/2&#8243;][\/vc_column][vc_column fade_animation_offset=&#8221;45px&#8221; width=&#8221;1\/2&#8243;][rev_slider_vc alias=&#8221;modellolar&#8221;][\/vc_column][\/vc_row]<\/p>\n","protected":false},"author":4,"featured_media":0,"parent":0,"menu_order":0,"comment_status":"closed","ping_status":"closed","template":"template-layout-content-sidebar.php","meta":[],"_links":{"self":[{"href":"https:\/\/www.hydromec.it\/index.php?rest_route=\/wp\/v2\/pages\/552"}],"collection":[{"href":"https:\/\/www.hydromec.it\/index.php?rest_route=\/wp\/v2\/pages"}],"about":[{"href":"https:\/\/www.hydromec.it\/index.php?rest_route=\/wp\/v2\/types\/page"}],"author":[{"embeddable":true,"href":"https:\/\/www.hydromec.it\/index.php?rest_route=\/wp\/v2\/users\/4"}],"replies":[{"embeddable":true,"href":"https:\/\/www.hydromec.it\/index.php?rest_route=%2Fwp%2Fv2%2Fcomments&post=552"}],"version-history":[{"count":5,"href":"https:\/\/www.hydromec.it\/index.php?rest_route=\/wp\/v2\/pages\/552\/revisions"}],"predecessor-version":[{"id":554,"href":"https:\/\/www.hydromec.it\/index.php?rest_route=\/wp\/v2\/pages\/552\/revisions\/554"}],"wp:attachment":[{"href":"https:\/\/www.hydromec.it\/index.php?rest_route=%2Fwp%2Fv2%2Fmedia&parent=552"}],"curies":[{"name":"wp","href":"https:\/\/api.w.org\/{rel}","templated":true}]}}